nder when 84550 is divided by 158?
20
Calculate the remainder when 67614 is divided by 21993.
1635
What is the remainder when 39214064 is divided by 27?
20
What is the remainder when 82730286 is divided by 8158?
8
Calculate the remainder when 656895 is divided by 391.
15
Calculate the remainder when 25866827 is divided by 25866811.
16
What is the remainder when 3095224 is divided by 81453?
10
What is the remainder when 757788 is divided by 22962?
42
Calculate the remainder when 747366 is divided by 26689.
74
What is the remainder when 34791 is divided by 1575?
141
Calculate the remainder when 5497369 is divided by 106.
103
What is the remainder when 3529489 is divided by 17217?
4
What is the remainder when 988440 is divided by 2968?
96
What is the remainder when 12373 is divided by 1327?
430
What is the remainder when 88035 is divided by 2254?
129
What is the remainder when 86921 is divided by 43136?
649
Calculate the remainder when 148093 is divided by 52.
49
What is the remainder when 279553 is divided by 277935?
1618
Calculate the remainder when 564545 is divided by 282251.
43
Calculate the remainder when 9562409 is divided by 286.
285
What is the remainder when 849226 is divided by 8578?
4
Calculate the remainder when 85303720 is divided by 12186244.
12
Calculate the remainder when 10469 is divided by 150.
119
What is the remainder when 260336840 is divided by 5942?
5936
Calculate the remainder when 679902 is divided by 169961.
58
What is the remainder when 57623027 is divided by 18?
5
What is the remainder when 5275321 is divided by 287?
261
What is the remainder when 69414555 is divided by 51?
36
Calculate the remainder when 192536220 is divided by 64178739.
3
What is the remainder when 1982434 is divided by 3762?
3622
Calculate the remainder when 8818 is divided by 703.
382
Calculate the remainder when 2811156 is divided by 48.
36
What is the remainder when 760975 is divided by 1987?
1941
What is the remainder when 563826 is divided by 112726?
196
Calculate the remainder when 1924498 is divided by 1240.
18
Calculate the remainder when 5057165 is divided by 683.
233
What is the remainder when 8451647 is divided by 134153?
8
Calculate the remainder when 25389945 is divided by 2636.
2629
Calculate the remainder when 5309619 is divided by 120672.
51
Calculate the remainder when 1729350 is divided by 610.
0
What is the remainder when 330585 is divided by 291?
9
Calculate the remainder when 44617 is divided by 4355.
1067
What is the remainder when 1428609 is divided by 476167?
108
What is the remainder when 4740 is divided by 1563?
51
Calculate the remainder when 4420769 is divided by 491196.
5
What is the remainder when 4545778 is divided by 1902?
1900
What is the remainder when 24784267 is divided by 11?
2
Calculate the remainder when 149574 is divided by 15838.
7032
Calculate the remainder when 23860943 is divided by 12.
11
Calculate the remainder when 1859837 is divided by 929573.
691
Calculate the remainder when 255189081 is divided by 12.
9
What is the remainder when 4662850 is divided by 87?
85
What is the remainder when 871680 is divided by 124372?
1076
What is the remainder when 721672 is divided by 1768?
328
What is the remainder when 43067242 is divided by 936?
10
Calculate the remainder when 152872602 is divided by 42.
36
Calculate the remainder when 7703562 is divided by 39.
9
What is the remainder when 588030 is divided by 293672?
686
Calculate the remainder when 11529 is divided by 1125.
279
What is the remainder when 19641 is divided by 1325?
1091
Calculate the remainder when 2764513 is divided by 4867.
57
What is the remainder when 2057828 is divided by 36?
32
Calculate the remainder when 29278763 is divided by 13733.
7
Calculate the remainder when 294707 is divided by 100.
7
Calculate the remainder when 2137701 is divided by 92943.
12
Calculate the remainder when 563621356 is divided by 1535753.
5
Calculate the remainder when 6132514 is divided by 22.
14
What is the remainder when 101311 is divided by 32415?
4066
What is the remainder when 4573897 is divided by 1905?
1897
What is the remainder when 5541587 is divided by 83960?
227
Calculate the remainder when 4025704 is divided by 270.
4
Calculate the remainder when 729058 is divided by 4500.
58
What is the remainder when 297327192 is divided by 8035870?
2
What is the remainder when 28541 is divided by 894?
827
What is the remainder when 1112671 is divided by 9681?
9037
What is the remainder when 13628763 is divided by 2628?
2583
Calculate the remainder when 1816825 is divided by 3364.
265
Calculate the remainder when 437471191 is divided by 1676.
1671
What is the remainder when 108985 is divided by 6809?
41
Calculate the remainder when 878608 is divided by 17.
14
What is the remainder when 5957658 is divided by 54?
0
What is the remainder when 224760890 is divided by 36?
2
Calculate the remainder when 3625258 is divided by 503.
137
What is the remainder when 294530 is divided by 3107?
2472
What is the remainder when 2719584 is divided by 431?
405
Calculate the remainder when 10845135 is divided by 552.
543
What is the remainder when 5713364 is divided by 816189?
41
Calculate the remainder when 75929 is divided by 75717.
212
Calculate the remainder when 1002937 is divided by 5731.
12
Calculate the remainder when 988539 is divided by 18297.
501
Calculate the remainder when 4891292 is divided by 201.
158
What is the remainder when 590723 is divided by 1941?
659
What is the remainder when 15064888 is divided by 40?
8
What is the remainder when 746835 is divided by 1149?
1134
What is the remainder when 306977 is divided by 153467?
43
Calculate the remainder when 691224 is divided by 12800.
24
What is the remainder when 170462 is divided by 18553?
3485
What is the remainder when 380408 is divided by 379577?
831
What is the remainder when 73417340 is divided by 4011?
4007
What is the remainder when 166754 is divided by 261?
236
Calculate the remainder when 1089750 is divided by 64099.
67
Calculate the remainder when 16693464 is divided by 121850.
14
What is the remainder when 2603350 is divided by 2575?
25
Calculate the remainder when 1383145 is divided by 533.
10
What is the remainder when 587480 is divided by 587434?
46
Calculate the remainder when 1773449 is divided by 1176.
41
Calculate the remainder when 31291802 is divided by 7928.
7914
What is the remainder when 21031665 is divided by 694?
689
Calculate the remainder when 3386 is divided by 2004.
1382
What is the remainder when 17591 is divided by 8136?
1319
Calculate the remainder when 98566 is divided by 6571.
1
What is the remainder when 70580 is divided by 5030?
160
Calculate the remainder when 9049882 is divided by 19504.
26
What is the remainder when 171308 is divided by 399?
137
Calculate the remainder when 2672785843 is divided by 3385.
3383
What is the remainder when 3102957 is divided by 377?
247
What is the remainder when 14142776 is divided by 21592?
16
What is the remainder when 438366 is divided by 4523?
4158
Calculate the remainder when 247557 is divided by 123480.
597
What is the remainder when 28756656 is divided by 221205?
6
Calculate the remainder when 151511930 is divided by 631.
627
What is the remainder when 1088105 is divided by 64006?
3
What is the remainder when 150567755 is divided by 9731?
9723
What is the remainder when 977096 is divided by 97?
15
What is the remainder when 9109873 is divided by 18?
1
What is the remainder when 328895 is divided by 65762?
85
What is the remainder when 12037980 is divided by 39?
6
Calculate the remainder when 169508429 is divided by 927.
917
What is the remainder when 3291166 is divided by 127?
88
What is the remainder when 374338 is divided by 5923?
1189
Calculate the remainder when 16257485 is divided by 77787.
2
What is the remainder when 68692 is divided by 7617?
139
What is the remainder when 688910 is divided by 114805?
80
What is the remainder when 10379167 is divided by 397?
396
What is the remainder when 49292 is divided by 48627?
665
What is the remainder when 42485 is divided by 3196?
937
What is the remainder when 70201272 is divided by 1591?
1579
What is the remainder when 32035199 is divided by 2972?
11
Calculate the remainder when 776938 is div